f 1101607109?
139, 491, 16141
List the prime factors of 228637699.
61, 1597, 2347
List the prime factors of 758671067.
7, 11, 233, 863
List the prime factors of 588110284.
2, 147027571
List the prime factors of 178817149.
7, 499, 51193
List the prime factors of 40001942.
2, 20000971
List the prime factors of 535864352.
2, 16745761
What are the prime factors of 254103807?
3, 31, 419, 6521
List the prime factors of 249479633.
13, 19, 151, 6689
What are the prime factors of 4356838?
2, 2178419
What are the prime factors of 4427034749?
4427034749
What are the prime factors of 86367824?
2, 67, 80567
What are the prime factors of 56139110?
2, 5, 19, 15551
List the prime factors of 39306366.
2, 3, 11, 18047
List the prime factors of 94886530.
2, 5, 71, 107, 1249
List the prime factors of 781109857.
11, 1181, 60127
What are the prime factors of 62099835?
3, 5, 7, 53, 11159
What are the prime factors of 4741906?
2, 13, 19, 29, 331
What are the prime factors of 2328202971?
3, 479, 540061
List the prime factors of 921565522.
2, 5927, 77743
List the prime factors of 2185401932.
2, 7, 78050069
What are the prime factors of 209433346?
2, 104716673
What are the prime factors of 72894952?
2, 13, 127, 5519
List the prime factors of 53971744.
2, 31, 41, 1327
List the prime factors of 2480907.
3, 11, 13, 5783
List the prime factors of 100158120.
2, 3, 5, 19, 1627
What are the prime factors of 712058953?
19, 29, 607, 2129
What are the prime factors of 129869471?
607, 213953
What are the prime factors of 64172845?
5, 11, 1166779
List the prime factors of 1611953854.
2, 7, 157, 733373
What are the prime factors of 285721646?
2, 7, 2915527
List the prime factors of 2340356785.
5, 13, 263, 10531
What are the prime factors of 193341924?
2, 3, 1790203
What are the prime factors of 951553192?
2, 43, 1381, 2003
List the prime factors of 289998884.
2, 7, 10357103
List the prime factors of 190323504.
2, 3, 7, 43, 4391
What are the prime factors of 6877802795?
5, 17, 223, 491, 739
List the prime factors of 14952627.
3, 47, 11783
What are the prime factors of 30132782?
2, 127, 118633
What are the prime factors of 1155728646?
2, 3, 17, 3776891
What are the prime factors of 34840816?
2, 41, 173, 307
List the prime factors of 75282196.
2, 11, 1710959
List the prime factors of 398069998.
2, 1997, 99667
List the prime factors of 965123418.
2, 3, 7, 2477, 9277
List the prime factors of 32038665.
3, 5, 89, 103, 233
List the prime factors of 83025857.
1303, 63719
What are the prime factors of 972382945?
5, 194476589
What are the prime factors of 945553814?
2, 53, 1913, 4663
List the prime factors of 788729060.
2, 5, 7, 71, 79349
What are the prime factors of 359675157?
3, 119891719
List the prime factors of 2362220815.
5, 472444163
List the prime factors of 2204556345.
3, 5, 17, 97, 3301
List the prime factors of 138787062.
2, 3, 31, 746167
List the prime factors of 735774906.
2, 3, 197, 622483
What are the prime factors of 142450943?
142450943
What are the prime factors of 561703636?
2, 13, 1423, 7591
List the prime factors of 1523879546.
2, 7, 1931, 56369
What are the prime factors of 54001446?
2, 3, 827, 10883
List the prime factors of 155427032.
2, 491, 39569
List the prime factors of 256411744.
2, 2377, 3371
List the prime factors of 1351609862.
2, 2339, 288929
What are the prime factors of 1073505758?
2, 13, 31, 67, 103, 193
What are the prime factors of 13714345?
5, 97, 28277
What are the prime factors of 67597763?
17, 19, 31, 43, 157
What are the prime factors of 3782656138?
2, 127, 14892347
What are the prime factors of 46977945?
3, 5, 7, 447409
What are the prime factors of 86588121?
3, 71, 406517
List the prime factors of 59889338.
2, 971, 30839
What are the prime factors of 133756123?
133756123
List the prime factors of 260088232.
2, 23, 1413523
List the prime factors of 8417822733.
3, 83, 11268839
List the prime factors of 603976056.
2, 3, 67, 375607
What are the prime factors of 24373490?
2, 5, 59, 109, 379
List the prime factors of 4100746821.
3, 4481, 305047
List the prime factors of 133886691.
3, 47, 307, 1031
What are the prime factors of 2465670391?
6317, 390323
What are the prime factors of 91295809?
11, 23, 360853
List the prime factors of 660963372.
2, 3, 127, 433703
List the prime factors of 971436.
2, 3, 80953
List the prime factors of 129641247.
3, 3329, 4327
What are the prime factors of 6923647?
443, 15629
List the prime factors of 21011365.
5, 4202273
List the prime factors of 34956761.
7, 4993823
List the prime factors of 375119937.
3, 2777, 5003
List the prime factors of 6111194.
2, 17, 97, 109
What are the prime factors of 418706227?
41, 103, 99149
List the prime factors of 72838877.
101, 721177
List the prime factors of 1151619434.
2, 7, 31, 353, 7517
What are the prime factors of 57873073?
57873073
List the prime factors of 14683180.
2, 5, 734159
List the prime factors of 4044806681.
47591, 84991
List the prime factors of 1091850363.
3, 107, 821, 1381
What are the prime factors of 432099651?
3, 144033217
What are the prime factors of 174973234?
2, 127, 688871
What are the prime factors of 734173118?
2, 7, 17, 73, 42257
List the prime factors of 157829486.
2, 2477, 31859
What are the prime factors of 230119062?
2, 3, 38353177
List the prime factors of 35904571.
307, 116953
List the prime factors of 193181729.
13, 14860133
What are the prime factors of 81216891?
3, 7, 429719
List the prime factors of 9912970.
2, 5, 149, 6653
What are the prime factors of 772086565?
5, 19, 8127227
List the prime factors of 125214355.
5, 7, 53, 9643
What are the prime factors of 1486113109?
13, 114316393
What are the prime factors of 681106720?
2, 5, 7, 608131
List the prime factors of 380787515.
5, 76157503
List the prime factors of 74593723.
167, 223, 2003
List the prime factors of 495570741.
3, 101, 1635547
What are the prime factors of 87423805?
5, 7, 23, 223, 487
List the prime factors of 47003456.
2, 734429
What are the prime factors of 1351739723?
353, 3829291
What are the prime factors of 203008751?
11, 37, 239, 2087
What are the prime factors of 6053451535?
5, 23, 179, 409, 719
What are the prime factors of 845785673?
107, 2221, 3559
List the prime factors of 548197686.
2, 3, 23, 571, 773
List the prime factors of 1313091494.
2, 11, 13, 1301, 3529
List the prime factors of 175809887.
11, 521, 30677
List the prime factors of 10551926.
2, 7, 11, 6229
List the prime factors of 34808008.
2, 4351001
List the prime factors of 2619473235.
3, 5, 73, 809, 2957
List the prime factors of 556601182.
2, 17, 1741, 9403
What are the prime factors of 31088737?
67, 464011
What are the prime factors of 17675076?
2, 3, 53, 27791
List the prime factors of 263798289.
3, 227, 14347
List the prime factors of 19790282.
2, 9895141
List the prime factors of 53825165.
5, 10765033
List the prime factors of 2955997783.
739, 877, 4561
List the prime factors of 291938432.
2, 47, 48527
List the prime factors of 15884923.
15884923
List the prime factors of 151200220.
2, 5, 631, 11981
What are the prime factors of 1061663394?
2, 3, 11, 23, 699383
What are the prime factors of 240062683?
7, 34294669
What are the prime factors of 1244264802?
2, 3, 11, 41, 459817
What are the prime factors of 372272409?
3, 17, 223, 3637
What are the prime factors of 20400840?
2, 3, 5, 61, 929
List the prime factors of 2556337177.
7243, 352939
What are the prime factors of 67636874?
2, 29, 1166153
What are the prime factors of 88389731?
5023, 17597
List the prime factors of 505011693.
3, 168337231
What are the prime factors of 132333156?
2, 3, 53, 61, 379
List the prime factors of 40225286.
2, 83, 443, 547
List the prime factors of 421379070.
2, 3, 5, 7, 101, 19867
List the prime factors of 172467959.
19, 29, 313009
What are the prime factors of 234018406?
2, 41, 2853883
List the prime factors of 412579304.
2, 37, 317, 4397
List the prime factors of 48270732.
2, 3, 29, 59, 2351
List the prime factors of 279721937.
11, 25429267
What are the prime factors of 2625977534?
2, 271, 4844977
List the prime factors of 2034107028.
2, 3, 23, 2456651
What are the prime factors of 485993911?
13, 4703, 7949
What are the prime factors of 17600250?
2, 3, 5, 31, 757
List the prime factors of 39590858.
2, 17, 29, 40153
List the 